atest common factor of 7 and b?
7
Let y(u) = -3*u - 18. Let w be y(-6). Suppose -8*c + 3*c + 20 = w. What is the highest common factor of c and 28?
4
Let y(m) = 28*m - 2. Let t be y(1). Let r = t + -27. Let f be 8/2 + (-46)/r. What is the highest common divisor of f and 10?
10
Let u be -1*2/((-2)/219). Suppose 5*a + 55 = l + 340, l = -4*a + u. What is the greatest common divisor of a and 14?
14
Let b be -3 + (90315/81 - (-5)/(-1)). Calculate the greatest common divisor of 27 and b.
27
Let n be (-2)/34 - 309/(-51). Calculate the greatest common divisor of 18 and n.
6
Let g(v) = v**3 - 6*v**2 - 20*v - 35. Let z be g(9). What is the greatest common divisor of 294 and z?
14
Let s(b) = 5*b - 8. Let v be s(-2). Let o = v - -21. Suppose w + 3 = 0, -5*w - 38 - 37 = -4*l. What is the highest common factor of l and o?
3
Let a(c) = 2*c**2 - 3*c + 4. Let g be a(-4). Let i = 56 - g. What is the greatest common divisor of i and 8?
8
Let l be 2/7 - (320/(-7) - -1). Let q be (-4)/(3/l*-3). Calculate the highest common divisor of q and 200.
20
Let h(m) = -3*m - 20. Suppose -4*t = -5*p + 40, -2 = 4*t + 3*p + 38. Let o be h(t). Let l = 54 + -14. What is the greatest common factor of l and o?
10
Let u(c) = -c**2 - 8*c - 10. Let r be u(-5). Suppose r*s + 4*d - d - 1265 = 0, 265 = s + 3*d. Calculate the highest common factor of 50 and s.
50
Suppose 0 = 4*w - 0*w + 180. Let n = -35 - w. What is the greatest common divisor of 110 and n?
10
Let t = 208 - 194. Calculate the greatest common divisor of t and 70.
14
Let j = 17 - 12. Suppose -j*g + 7 + 3 = 0. Suppose 5*u - 1 = 2*m - 14, -m - 2*u + 20 = 0. Calculate the greatest common factor of m and g.
2
Let h = 26 + -12. Let s = h - 2. Let d = -69 + 117. What is the greatest common factor of d and s?
12
Let a(h) = 4*h - 4. Let c be a(7). Let k = 692 - 245. Suppose 1075 = 5*t - u, -2*t - u + k = 2*u. What is the highest common divisor of c and t?
24
Suppose -48*h + 6693 = -123. Calculate the highest common divisor of h and 213.
71
Suppose -28 = -4*w - 92. Suppose -2*k - 3*h = 2*k + 112, 84 = -3*k + 3*h. Let b = w - k. Calculate the greatest common divisor of 36 and b.
12
Let s = 60 - 38. Let d(g) = -g**2 - 13*g. Suppose 7*t - 44 = 11*t. Let i be d(t). What is the greatest common divisor of s and i?
22
Let f(w) = 3*w**2 - 1. Suppose -2*h = -3*h - 2*r - 2, 4*r - 10 = 5*h. Let a be f(h). Calculate the highest common divisor of a and 55.
11
Suppose -n + 0*n = -169. Let q = n - 14. Calculate the highest common divisor of 31 and q.
31
Let v = 56 - 56. Suppose v = 4*h - 7 - 105. Let u be 1/(-4) + 226/8. What is the greatest common factor of u and h?
28
Suppose -3*k = -5*i - 455, -298 = -13*k + 11*k + 2*i. What is the greatest common divisor of k and 3335?
145
Let f be -16*((4 - 3) + 0). Let h be (-184)/f - (-1)/(-2). What is the highest common factor of 33 and h?
11
Let m(x) = 2*x**2 - 39*x + 45. Let g be m(19). Calculate the highest common factor of g and 1066.
26
Suppose -2*t + 5 + 23 = -2*a, 52 = 3*t - 5*a. Let f(j) = -8*j + 4. Let x be f(-3). Suppose -x = -4*y + 8. Calculate the highest common factor of y and t.
9
Let q = -26 - -20. Let z be ((-9)/q)/(0 + (-12)/(-104)). Let g = -36 - -127. What is the highest common factor of g and z?
13
Suppose 0 = 3*n - 4*p - 419, -2*n - 167*p + 169*p + 276 = 0. Suppose 0*y - 2*y - 114 = -3*q, -y = -4*q + 152. Calculate the greatest common divisor of n and q.
19
Suppose 9*y - 1214 = 496. Calculate the highest common divisor of y and 10.
10
Let m = -66 - -132. Let b = -82 - -88. What is the greatest common factor of m and b?
6
Let s = 167 + -160. Suppose 2*h - 23 = -r, 2*r - s*r + 135 = 5*h. Calculate the highest common factor of r and 341.
31
Let b(d) = -2 + 1 - 2 + 43*d. Let h be b(3). Let p = -78 - -92. What is the highest common factor of p and h?
14
Let h(r) = 30*r**2 - 6*r + 9. Let k be h(2). Let j(i) = 2*i**2 + 8*i - 3. Let s be j(-7). What is the highest common divisor of k and s?
39
Let t(g) = -25*g + 3. Let b be t(-2). What is the greatest common divisor of b and 477?
53
Let v(p) = p**3 + 6*p**2 + 5*p - 1. Let t = 7 - 11. Let y be v(t). Calculate the highest common factor of y and 77.
11
Let m = -53 - -54. Suppose 5*f = 0, 2*j - f - m = 9. Let h(t) = 2*t**2 + t - 5. Let u be h(-5). What is the greatest common factor of j and u?
5
Let y(k) = k**3 + 11*k**2 - 14*k + 4. Let x be y(-12). Calculate the greatest common divisor of x and 532.
28
Let h be (-23 - -547) + (4 - -1). Calculate the greatest common divisor of 92 and h.
23
Suppose 7 = 5*p - 3. Suppose -3*j = -0*j - n - 26, j - 3*n + p = 0. Calculate the greatest common divisor of j and 70.
10
Suppose -23*i = -8*i - 1725. What is the highest common divisor of 23 and i?
23
Suppose -6 = 3*r, 0 = -3*a - 12*r + 17*r + 118. What is the highest common divisor of a and 24?
12
Let d(s) = -3*s - 17. Let g be d(-7). Suppose -3*t + g*b + 26 = 0, 0 = t - 6*b + 2*b - 22. Calculate the highest common factor of 3 and t.
1
Let n be 11/(-55) - 352/(-10). Let q(t) = -3 - 7*t - 1 + 5*t - t. Let l be q(-3). Calculate the greatest common factor of n and l.
5
Let u(z) = z**3 - 4*z**2 + 2. Let g = 18 + -14. Let b be u(g). Suppose -c - b = -14. Calculate the highest common factor of 60 and c.
12
Suppose 3*v + 1 - 7 = 0. Suppose -3*m - 10 = v*m. Let l be 7 - (-2 + (m - -2)). Calculate the highest common factor of 6 and l.
3
Let z be -22*(6 - 8)*21/4. Calculate the greatest common divisor of z and 42.
21
Suppose 2*m = f - 657, f + 6*m = 3*m + 682. What is the highest common divisor of f and 115?
23
Let b be (-5)/(15/108)*28/(-42). What is the highest common divisor of 48 and b?
24
Suppose -98*h + 91*h = -1078. Calculate the highest common divisor of h and 33.
11
Suppose t = a + 36 - 9, -t = 3*a - 19. Let p be (-1 + (-15)/(-12))*8. Suppose 3*w = p*w + 225. What is the greatest common divisor of t and w?
25
Let n be (-7 - 2 - 32)*(1 - 9). Calculate the greatest common divisor of 574 and n.
82
Suppose 0 = 30*y - 43*y + 1066. Let r = y + -27. What is the highest common factor of 11 and r?
11
Let j be 8*-12*(-2)/4. Let i = j + 106. Calculate the highest common factor of 22 and i.
22
Let h(t) = 2*t**3 - 8*t**2 - 7*t + 73. Let c be h(5). What is the greatest common factor of c and 484?
44
Let f(q) = -14 - 3*q + 6 + 5 + 5 + 2*q**2. Let c be f(4). Calculate the greatest common divisor of c and 198.
22
Let z be 0 - (-26 - (-6)/(-3)). Let v = 49 - 42. Calculate the greatest common factor of z and v.
7
Let s(w) = 105*w - 3. Let k be s(3). Suppose 8*t = k + 128. Calculate the greatest common divisor of 11 and t.
11
Suppose 63 = -6*u + 3*u. Let z be (-1 - 3710/u) + 1/3. Calculate the highest common divisor of 22 and z.
22
Let o = 121 + -94. What is the highest common divisor of 27 and o?
27
Let h(g) = 7*g**2 - 25*g + 105. Let c be h(4). What is the greatest common divisor of c and 156?
39
Let d(x) be the first derivative of 5*x**3/3 - 5*x**2/2 + 8*x - 10. Let c be d(2). Calculate the greatest common factor of c and 90.
18
Suppose -6*g = -g - 25. Suppose -g*x + 2*f + 60 = 0, -x + f = -2 - 7. Calculate the highest common factor of 42 and x.
14
Suppose -x = -2*r + 516, -r = -3*x - x - 272. What is the highest common factor of r and 32?
32
Let w(p) = p**3 + 16*p**2 - 17*p - 20. Let y be w(-16). Suppose 3*i + 5*l = y, 168 = 2*i - 0*l - 2*l. What is the greatest common divisor of i and 21?
21
Let p be (2/4 - 1)*0/(-8). Let f(x) = x + 2. Let u be f(p). What is the highest common divisor of u and 2?
2
Suppose 5*q - 95 = 2*g, -3*q - g + 71 = -5*g. Suppose 0 = 12*w - q*w + 50. Suppose -5*t + 47 = -3. What is the highest common factor of t and w?
10
Let u be ((1674/12)/3)/((-2)/(-4)). Let j = -65 + u. Let f = 8 + -4. Calculate the highest common factor of j and f.
4
Let x be ((-2)/(-4))/(1/104). Suppose 16*o - 14*o - 8 = 0. Suppose 0 = q + y - 8 - 16, o*y = -q + 18. Calculate the highest common divisor of x and q.
26
Let a = 223 - 144. Let w = a + -57. What is the highest common divisor of w and 11?
11
Suppose 0 = -9*z + 4*z + 155. Let v(u) = -67*u - 128. Let a be v(-7). What is the highest common divisor of z and a?
31
Suppose c - 80 = -4*c. Let d(n) = n**3 + 7*n**2 + 2*n + 1. Let s be d(-7). Let i = s - -29. What is the highest common divisor of c and i?
16
Let u = 16 + 3. 